. Determine y(-3).
89
Let x(c) = -12*c**3 - 3*c**2 - 16*c - 42. Determine x(-3).
303
Let l(n) = -1395*n - 283158. Calculate l(-202).
-1368
Let v(k) = -5*k**3 + 189*k**2 + 225*k + 525. Give v(39).
174
Let t(k) = -102*k - 3435. Determine t(6).
-4047
Let y(b) = 58*b**2 + 533*b + 101. Give y(-9).
2
Let n(h) = -847*h**2 + 1727*h + 20. What is n(2)?
86
Let g(p) = 7*p**2 - 110*p - 105. Calculate g(-3).
288
Let z(m) = m**3 - m**2 - 22*m + 1632. Determine z(0).
1632
Let o(i) = 2387*i - 47730. Give o(20).
10
Let k(t) = -1092*t - 134332. Calculate k(-123).
-16
Let h(x) = 156*x**2 + 6*x + 3. Calculate h(3).
1425
Let k(j) = -j**2 - 10010*j - 129982. What is k(-13)?
-21
Let v(x) = 280783*x - 1403921. Determine v(5).
-6
Let v(g) = 111*g**2 - 6604*g + 40812. Determine v(7).
23
Let k(v) = 229750*v + 689258. Calculate k(-3).
8
Let f(h) = 13*h**2 + 660*h - 2294. Give f(-54).
-26
Let o(p) = -8*p**2 + 262*p - 789. What is o(3)?
-75
Let a(y) = 116805*y + 934433. Determine a(-8).
-7
Let k(m) = 13*m**3 - 415*m**2 - 1026*m + 31809. Determine k(32).
1
Let z(y) = -499*y**2 + 4269*y + 12. Calculate z(7).
5444
Let b(y) = -215*y**2 + 2129*y - 115. What is b(10)?
-325
Let w(h) = 26269*h**2 + 131343*h - 6. Give w(-5).
4
Let l(n) = 354*n - 30570. Calculate l(84).
-834
Let d(t) = 3*t**2 + 4440*t + 455821. Determine d(-111).
-56
Let v(x) = x**3 + 17*x**2 - 155*x - 233. Determine v(-22).
757
Let v(w) = -3*w**2 + 2279*w + 61339. Determine v(-26).
57
Let b(n) = 124*n**2 + 8121*n + 4000. Give b(-65).
35
Let l(h) = -3*h**3 + 1155*h**2 - 12432*h + 23. Determine l(11).
-967
Let l(c) = -33746*c - 303733. Give l(-9).
-19
Let x(d) = -191336*d + 2104700. What is x(11)?
4
Let a(g) = -45153*g + 270912. Determine a(6).
-6
Let b(i) = 816*i + 75833. What is b(-93)?
-55
Let x(f) = -1103*f**3 + f**2 - 689*f - 689. Give x(-1).
1104
Let c(w) = -3*w**2 + 96436*w - 1253185. Determine c(13).
-24
Let o(s) = -s**3 - 60*s**2 - 376*s - 96. Determine o(-7).
-61
Let t(l) = l**2 - 847496*l + 10169795. Determine t(12).
-13
Let p(i) = 51*i + 21041. Give p(-409).
182
Let f(y) = y**3 - 2821*y**2 + 36592*y - 1118. What is f(13)?
26
Let r(g) = -19461*g + 252962. Give r(13).
-31
Let k(f) = 6472*f - 32060. Determine k(5).
300
Let o(m) = 2*m**3 + 182*m**2 + 25*m + 2106. Calculate o(-91).
-169
Let r(x) = x**3 - 569*x**2 + 2653*x - 540616. Determine r(566).
-86
Let q(l) = -599*l**3 - l + 2. What is q(1)?
-598
Let n(q) = -20*q**3 - 317*q**2 + 1286*q + 13. Determine n(4).
-1195
Let h(l) = l**2 - 305*l - 2946. Give h(-9).
-120
Let h(n) = 2*n**3 - 27*n**2 + 19*n + 22. Calculate h(10).
-488
Let h(q) = -2*q**3 + 31*q**2 - 178*q + 1128. What is h(12)?
0
Let z(i) = -5320*i + 313822. Give z(59).
-58
Let w(f) = f**2 - 4927*f + 122566. Calculate w(25).
16
Let d(l) = 2*l**3 - 28*l**2 + 59*l + 236. Give d(7).
-37
Let x(r) = -r**2 + 51*r + 14460. What is x(-98)?
-142
Let x(t) = -9290*t - 130047. What is x(-14)?
13
Let i(p) = 122*p**2 - 164*p - 814. Calculate i(-2).
2
Let a(k) = 11*k**2 + 1008*k + 15752. Determine a(-20).
-8
Let a(h) = -3*h**3 - 86*h**2 - 3603*h - 99321. Calculate a(-28).
-5
Let b(z) = 73*z**2 + 413*z - 691. What is b(-7)?
-5
Let s(w) = 83*w + 582. What is s(-4)?
250
Let b(j) = 11*j**2 + 103*j + 135. Determine b(-7).
-47
Let f(b) = -79*b**2 + 66304*b - 66305. Give f(1).
-80
Let p(g) = -11*g**2 + 14038*g - 97675. Determine p(7).
52
Let s(h) = 48*h**2 + 720*h - 41. Give s(-15).
-41
Let o(p) = 2*p**3 - 16*p**2 - 1297*p - 700. Determine o(30).
-10
Let q(g) = -g**3 - 48*g**2 - 394*g + 1609. What is q(-15)?
94
Let d(x) = 12198*x - 182898. Give d(15).
72
Let m(y) = -44453*y + 133302. Calculate m(3).
-57
Let j(m) = m**2 + 10*m - 1. What is j(-31)?
650
Let n(h) = h**3 - 3*h**2 + 1280*h - 9155. Determine n(7).
1
Let d(l) = -5156*l + 103198. Calculate d(20).
78
Let v(j) = -26*j**2 + 4*j + 3. Calculate v(-6).
-957
Let t(w) = w**2 - 36191*w - 3. What is t(0)?
-3
Let s(w) = 4*w**3 - 1073*w**2 + 11574*w - 2233. Determine s(257).
80
Let l(a) = -96878*a - 1259412. Give l(-13).
2
Let s(d) = -16065*d + 4819501. Determine s(300).
1
Let a(s) = s**2 + 4059*s + 44439. Calculate a(-11).
-89
Let x(j) = 28085*j + 3257889. What is x(-116)?
29
Let s(n) = 13710*n - 150825. What is s(11)?
-15
Let n(y) = 250*y**2 - 18464*y - 2675. Calculate n(74).
-11
Let w(p) = 56506*p + 452055. What is w(-8)?
7
Let m(g) = 264*g**2 - 4012*g + 4435. Calculate m(14).
11
Let r(s) = -960*s + 145943. What is r(152)?
23
Let o(t) = -99*t + 333. Calculate o(3).
36
Let s(j) = j**3 - 331*j + 1081. Determine s(19).
1651
Let q(t) = -t**3 + 29*t**2 - 77*t - 140. What is q(26)?
-114
Let o(t) = -846*t - 49278. Determine o(-56).
-1902
Let n(o) = -o**3 + 75*o**2 + 311*o - 18139. Determine n(76).
-279
Let c(o) = -2*o**2 + 898*o + 59965. Calculate c(-59).
21
Let a(o) = -210*o**3 - 21*o**2 + 59*o - 53. Determine a(2).
-1699
Let j(a) = 7*a**3 + 26*a**2 - 23*a + 1. Determine j(1).
11
Let m(t) = 640*t - 15088. Give m(24).
272
Let l(w) = 27*w**3 - 9*w**2 + 202*w - 193. Give l(1).
27
Let i(x) = -x**3 + 149*x**2 - 80*x - 9287. What is i(148)?
777
Let x(s) = 178*s - 30621. Give x(173).
173
Let r(n) = 32948*n - 856653. What is r(26)?
-5
Let v(l) = -l**3 + 105*l**2 + 785*l - 723. Determine v(112).
-611
Let x(g) = 659*g - 17242. Calculate x(26).
-108
Let r(q) = -362*q - 110350. Calculate r(-305).
60
Let s(w) = -w**2 - 2190*w + 158924. Determine s(70).
724
Let l(v) = 49696*v + 7504106. Calculate l(-151).
10
Let o(b) = 1410411*b + 5641637. Calculate o(-4).
-7
Let d(t) = 5380*t - 204486. Give d(38).
-46
Let i(o) = 3*o**3 - 57*o**2 + 650*o - 8096. Determine i(16).
0
Let i(b) = -2*b**3 + 18*b**2 - 3503*b + 35220. What is i(10)?
-10
Let v(u) = -5480*u + 76903. Give v(14).
183
Let v(a) = 97*a**2 - 13098*a + 406. What is v(135)?
1
Let w(r) = 7*r**2 - 201*r + 1519. Determine w(9).
277
Let f(q) = 19*q**3 - 173*q**2 + 766*q - 6723. What is f(9)?
9
Let a(b) = -b**3 + 18*b**2 - 20*b + 418. Give a(21).
-1325
Let g(a) = 27975*a + 2238057. Determine g(-80).
57
Let n(j) = 954*j - 546670. Determine n(573).
-28
Let k(p) = 25*p**3 - 2*p**2 - 62*p - 169. What is k(-3)?
-676
Let o(k) = -17424*k + 1219660. Give o(70).
-20
Let d(b) = -1031*b + 176. What is d(1)?
-855
Let x(z) = z**3 + 21*z**2 + 106*z - 154. Determine x(-8).
-170
Let a(f) = f**3 + 24*f**2 + 73*f - 2. Determine a(-20).
138
Let u(k) = -1244962*k - 9959684. Give u(-8).
12
Let r(x) = -4124*x - 20642. Determine r(-5).
-22
Let b(l) = 3584*l - 29014. Calculate b(8).
-342
Let c(a) = a**3 - 40*a**2 + 128*a - 428. What is c(37)?
201
Let d(w) = 2*w**3 - 52*w**2 + 62*w - 661. What is d(26)?
951
Let h(i) = i**3 + 104*i**2 + 2708*i + 253. Give h(-53).
-12
Let b(k) = -39*k**2 - 933*k - 6421. Give b(-7).
-1801
Let f(z) = -z**3 + 30*z**2 - 155*z - 1101. What is f(16)?
3
Let w(b) = -43154*b + 604144. What is w(14)?
-12
Let y(u) = -33*u + 1377. Give y(37).
156
Let t(k) = -4*k**3 + 6*k**2 + 4*k + 119. Give t(7).
-931
Let h(b) = b**3 - 9*b**2 - 1053*b - 319. Calculate h(-28).
157
Let b(w) = 5278*w + 4086. Determine b(-1).
-1192
Let b(a) = 28861*a + 173169. Determine b(-6).
3
Let d(c) = -201*c - 107343. Determine d(-534).
-9
Let g(m) = m**2 - 233*m + 10556. What is g(64)?
-260
Let p(d) = -135286*d - 405849. What is p(-3)?
9
Let p(h) = -11558*h - 69328. Calculate p(-6).
20
Let b(l) = 788*l + 4754. Give b(-7).
-762
Let k(i) = -338*i**2 + 10485*i + 10586. Determine k(32).
-6
Let d(r) = -17*r**3 - 102*r**2 - 5*r - 28. Give d(-6).
2
Let r(y) = 3*y**2 + 189*y + 204. Give r(-63).
204
Let x(m) = 1349*m - 13114. Calculate x(10).
376
Let r(y) = 2*y**3 - 12*y**2 - 1367*y + 9480. Calculate r(7).
9
Let h(l) = -25565*l - 153384. Determine h(-6).
6
Let v(b) = 3628*b + 315575. Determine v(-87).
-61
Let a(g) = -49387*g + 3704037. Give a(75).
12
Let g(n) = 6*n**2 - 858*n + 116. What is g(144)?
980
Let a(g) = g**3 - 135*g**2 - 521*g + 70370. Determine a(135).
35
Let a(l) = -40*l + 658. What is a(-6)?
898
Let j(v) = -v**3 - 16*v**2 + 1583*v + 11534. Give j(-7).
12
Let q(c) = -2*c**3 - 12*c**2 + 187*c + 302. Determine q(8).
6
Let y(l) = 154751*l - 309721. Determine y(2).
-219
Let o(b) = 331*b**2 - 4969*b - 41726. Determine o(-6).
4
Let d(u) = 2*u**2 + 209*u + 139. What is d(-105)?
244
Let f(j) = -81*j**2 + 185*j + 729. What is f(-4)?
-1307
Let m(f) = -8*f**2 + 79*f - 78. Calculate m(9).